{"version":"1.0","provider_name":"Svenska Budo &amp; Kampsportsf\u00f6rbundet","provider_url":"https:\/\/www.budokampsport.se","title":"Ingen plats f\u00f6r kampsport p\u00e5 Idrottsgalan - Svenska Budo &amp; Kampsportsf\u00f6rbundet","type":"rich","width":600,"height":338,"html":"<blockquote class=\"wp-embedded-content\" data-secret=\"H9rzWgx12X\"><a href=\"https:\/\/www.budokampsport.se\/2010\/11\/16\/ingen-plats-for-kampsport-pa-idrottsgalan\/\">Ingen plats f\u00f6r kampsport p\u00e5 Idrottsgalan<\/a><\/blockquote><iframe sandbox=\"allow-scripts\" security=\"restricted\" src=\"https:\/\/www.budokampsport.se\/2010\/11\/16\/ingen-plats-for-kampsport-pa-idrottsgalan\/embed\/#?secret=H9rzWgx12X\" width=\"600\" height=\"338\" title=\"\u201dIngen plats f\u00f6r kampsport p\u00e5 Idrottsgalan\u201d &ndash; Svenska Budo &amp; Kampsportsf\u00f6rbundet\" data-secret=\"H9rzWgx12X\" frameborder=\"0\" marginwidth=\"0\" marginheight=\"0\" scrolling=\"no\" class=\"wp-embedded-content\"><\/iframe><script type=\"text\/javascript\">\n\/* <![CDATA[ *\/\n\/*! This file is auto-generated *\/\n!function(d,l){\"use strict\";l.querySelector&&d.addEventListener&&\"undefined\"!=typeof URL&&(d.wp=d.wp||{},d.wp.receiveEmbedMessage||(d.wp.receiveEmbedMessage=function(e){var t=e.data;if((t||t.secret||t.message||t.value)&&!\/[^a-zA-Z0-9]\/.test(t.secret)){for(var s,r,n,a=l.querySelectorAll('iframe[data-secret=\"'+t.secret+'\"]'),o=l.querySelectorAll('blockquote[data-secret=\"'+t.secret+'\"]'),c=new RegExp(\"^https?:$\",\"i\"),i=0;i<o.length;i++)o[i].style.display=\"none\";for(i=0;i<a.length;i++)s=a[i],e.source===s.contentWindow&&(s.removeAttribute(\"style\"),\"height\"===t.message?(1e3<(r=parseInt(t.value,10))?r=1e3:~~r<200&&(r=200),s.height=r):\"link\"===t.message&&(r=new URL(s.getAttribute(\"src\")),n=new URL(t.value),c.test(n.protocol))&&n.host===r.host&&l.activeElement===s&&(d.top.location.href=t.value))}},d.addEventListener(\"message\",d.wp.receiveEmbedMessage,!1),l.addEventListener(\"DOMContentLoaded\",function(){for(var e,t,s=l.querySelectorAll(\"iframe.wp-embedded-content\"),r=0;r<s.length;r++)(t=(e=s[r]).getAttribute(\"data-secret\"))||(t=Math.random().toString(36).substring(2,12),e.src+=\"#?secret=\"+t,e.setAttribute(\"data-secret\",t)),e.contentWindow.postMessage({message:\"ready\",secret:t},\"*\")},!1)))}(window,document);\n\/* ]]> *\/\n<\/script>\n","description":"N\u00e4r nomineringarna till den svenska Idrottsgalan sl\u00e4pptes stod det klart att inte heller till kommande gala finns det utrymme f\u00f6r n\u00e5gon budo eller kampsport.Trots ett succ\u00e9\u00e5r f\u00f6r idrottare knutna till Svenska Budo & Kampsportsf\u00f6rbundet, blev det ingen nominerad i \u00e5r."}

Svenska Budo &amp; Kampsportsförbundet

Ingen plats för kampsport på Idrottsgalan - Svenska Budo &amp; Kampsportsförbundet

<blockquote class="wp-embedded-content" data-secret="H9rzWgx12X"><a href="https://www.budokampsport.se/2010/11/16/ingen-plats-for-kampsport-pa-idrottsgalan/">Ingen plats för kampsport på Idrottsgalan</a></blockquote><iframe sandbox="allow-scripts" security="restricted" src="https://www.budokampsport.se/2010/11/16/ingen-plats-for-kampsport-pa-idrottsgalan/embed/#?secret=H9rzWgx12X" width="600" height="338" title="”Ingen plats för kampsport på Idrottsgalan” &ndash; Svenska Budo &amp; Kampsportsförbundet" data-secret="H9rzWgx12X" frameborder="0" marginwidth="0" marginheight="0" scrolling="no" class="wp-embedded-content"></iframe><script type="text/javascript">
/* <![CDATA[ */
/*! This file is auto-generated */
!function(d,l){"use strict";l.querySelector&&d.addEventListener&&"undefined"!=typeof URL&&(d.wp=d.wp||{},d.wp.receiveEmbedMessage||(d.wp.receiveEmbedMessage=function(e){var t=e.data;if((t||t.secret||t.message||t.value)&&!/[^a-zA-Z0-9]/.test(t.secret)){for(var s,r,n,a=l.querySelectorAll('iframe[data-secret="'+t.secret+'"]'),o=l.querySelectorAll('blockquote[data-secret="'+t.secret+'"]'),c=new RegExp("^https?:$","i"),i=0;i<o.length;i++)o[i].style.display="none";for(i=0;i<a.length;i++)s=a[i],e.source===s.contentWindow&&(s.removeAttribute("style"),"height"===t.message?(1e3<(r=parseInt(t.value,10))?r=1e3:~~r<200&&(r=200),s.height=r):"link"===t.message&&(r=new URL(s.getAttribute("src")),n=new URL(t.value),c.test(n.protocol))&&n.host===r.host&&l.activeElement===s&&(d.top.location.href=t.value))}},d.addEventListener("message",d.wp.receiveEmbedMessage,!1),l.addEventListener("DOMContentLoaded",function(){for(var e,t,s=l.querySelectorAll("iframe.wp-embedded-content"),r=0;r<s.length;r++)(t=(e=s[r]).getAttribute("data-secret"))||(t=Math.random().toString(36).substring(2,12),e.src+="#?secret="+t,e.setAttribute("data-secret",t)),e.contentWindow.postMessage({message:"ready",secret:t},"*")},!1)))}(window,document);
/* ]]> */
</script>

När nomineringarna till den svenska Idrottsgalan släpptes stod det klart att inte heller till kommande gala finns det utrymme för någon budo eller kampsport.Trots ett succéår för idrottare knutna till Svenska Budo & Kampsportsförbundet, blev det ingen nominerad i år.
