{"version":"1.0","provider_name":"Svenska Budo &amp; Kampsportsf\u00f6rbundet","provider_url":"https:\/\/www.budokampsport.se","title":"Andreas Tampe f\u00f6rbereder sig inf\u00f6r VM i shinkyokushin - Svenska Budo &amp; Kampsportsf\u00f6rbundet","type":"rich","width":600,"height":338,"html":"<blockquote class=\"wp-embedded-content\" data-secret=\"sFLVeTW1NB\"><a href=\"https:\/\/www.budokampsport.se\/2023\/10\/09\/andreas-tampe-forbereder-sig-infor-vm-i-shinkyokushin\/\">Andreas Tampe f\u00f6rbereder sig inf\u00f6r VM i shinkyokushin<\/a><\/blockquote><iframe sandbox=\"allow-scripts\" security=\"restricted\" src=\"https:\/\/www.budokampsport.se\/2023\/10\/09\/andreas-tampe-forbereder-sig-infor-vm-i-shinkyokushin\/embed\/#?secret=sFLVeTW1NB\" width=\"600\" height=\"338\" title=\"\u201dAndreas Tampe f\u00f6rbereder sig inf\u00f6r VM i shinkyokushin\u201d &ndash; Svenska Budo &amp; Kampsportsf\u00f6rbundet\" data-secret=\"sFLVeTW1NB\" frameborder=\"0\" marginwidth=\"0\" marginheight=\"0\" scrolling=\"no\" class=\"wp-embedded-content\"><\/iframe><script type=\"text\/javascript\">\n\/* <![CDATA[ *\/\n\/*! This file is auto-generated *\/\n!function(d,l){\"use strict\";l.querySelector&&d.addEventListener&&\"undefined\"!=typeof URL&&(d.wp=d.wp||{},d.wp.receiveEmbedMessage||(d.wp.receiveEmbedMessage=function(e){var t=e.data;if((t||t.secret||t.message||t.value)&&!\/[^a-zA-Z0-9]\/.test(t.secret)){for(var s,r,n,a=l.querySelectorAll('iframe[data-secret=\"'+t.secret+'\"]'),o=l.querySelectorAll('blockquote[data-secret=\"'+t.secret+'\"]'),c=new RegExp(\"^https?:$\",\"i\"),i=0;i<o.length;i++)o[i].style.display=\"none\";for(i=0;i<a.length;i++)s=a[i],e.source===s.contentWindow&&(s.removeAttribute(\"style\"),\"height\"===t.message?(1e3<(r=parseInt(t.value,10))?r=1e3:~~r<200&&(r=200),s.height=r):\"link\"===t.message&&(r=new URL(s.getAttribute(\"src\")),n=new URL(t.value),c.test(n.protocol))&&n.host===r.host&&l.activeElement===s&&(d.top.location.href=t.value))}},d.addEventListener(\"message\",d.wp.receiveEmbedMessage,!1),l.addEventListener(\"DOMContentLoaded\",function(){for(var e,t,s=l.querySelectorAll(\"iframe.wp-embedded-content\"),r=0;r<s.length;r++)(t=(e=s[r]).getAttribute(\"data-secret\"))||(t=Math.random().toString(36).substring(2,12),e.src+=\"#?secret=\"+t,e.setAttribute(\"data-secret\",t)),e.contentWindow.postMessage({message:\"ready\",secret:t},\"*\")},!1)))}(window,document);\n\/* ]]> *\/\n<\/script>\n","thumbnail_url":"https:\/\/www.budokampsport.se\/wp-content\/uploads\/2023\/03\/Andreas-Tampe_tva.jpg","thumbnail_width":850,"thumbnail_height":567,"description":"KYOKUSHIN. VM i kyokushin avg\u00f6rs mellan 14-15 oktober i den japanska huvudstaden Tokyo. Sverige representeras av sju atleter d\u00e4ribland Andreas Tampe som t\u00e4vlar i kata. \u2013 \u00a0Mitt m\u00e5l \u00e4r pallen, topp tre-fyra. F\u00f6rhoppningsvis blir kata ocks\u00e5 ett sp\u00e4nnande och spektakul\u00e4rt inslag p\u00e5 \u00e5rets m\u00e4sterskap d\u00e5 det \u00e4r f\u00f6rsta g\u00e5ngen i VM-historien som kata \u00e4r med som disciplin. Det \u00e4r en \u00e4ra att vara uttagen som en av sju europ\u00e9er och representera b\u00e5de Sverige och Europa, s\u00e4ger Tampe."}

Svenska Budo &amp; Kampsportsförbundet

Andreas Tampe förbereder sig inför VM i shinkyokushin - Svenska Budo &amp; Kampsportsförbundet

<blockquote class="wp-embedded-content" data-secret="sFLVeTW1NB"><a href="https://www.budokampsport.se/2023/10/09/andreas-tampe-forbereder-sig-infor-vm-i-shinkyokushin/">Andreas Tampe förbereder sig inför VM i shinkyokushin</a></blockquote><iframe sandbox="allow-scripts" security="restricted" src="https://www.budokampsport.se/2023/10/09/andreas-tampe-forbereder-sig-infor-vm-i-shinkyokushin/embed/#?secret=sFLVeTW1NB" width="600" height="338" title="”Andreas Tampe förbereder sig inför VM i shinkyokushin” &ndash; Svenska Budo &amp; Kampsportsförbundet" data-secret="sFLVeTW1NB" frameborder="0" marginwidth="0" marginheight="0" scrolling="no" class="wp-embedded-content"></iframe><script type="text/javascript">
/* <![CDATA[ */
/*! This file is auto-generated */
!function(d,l){"use strict";l.querySelector&&d.addEventListener&&"undefined"!=typeof URL&&(d.wp=d.wp||{},d.wp.receiveEmbedMessage||(d.wp.receiveEmbedMessage=function(e){var t=e.data;if((t||t.secret||t.message||t.value)&&!/[^a-zA-Z0-9]/.test(t.secret)){for(var s,r,n,a=l.querySelectorAll('iframe[data-secret="'+t.secret+'"]'),o=l.querySelectorAll('blockquote[data-secret="'+t.secret+'"]'),c=new RegExp("^https?:$","i"),i=0;i<o.length;i++)o[i].style.display="none";for(i=0;i<a.length;i++)s=a[i],e.source===s.contentWindow&&(s.removeAttribute("style"),"height"===t.message?(1e3<(r=parseInt(t.value,10))?r=1e3:~~r<200&&(r=200),s.height=r):"link"===t.message&&(r=new URL(s.getAttribute("src")),n=new URL(t.value),c.test(n.protocol))&&n.host===r.host&&l.activeElement===s&&(d.top.location.href=t.value))}},d.addEventListener("message",d.wp.receiveEmbedMessage,!1),l.addEventListener("DOMContentLoaded",function(){for(var e,t,s=l.querySelectorAll("iframe.wp-embedded-content"),r=0;r<s.length;r++)(t=(e=s[r]).getAttribute("data-secret"))||(t=Math.random().toString(36).substring(2,12),e.src+="#?secret="+t,e.setAttribute("data-secret",t)),e.contentWindow.postMessage({message:"ready",secret:t},"*")},!1)))}(window,document);
/* ]]> */
</script>

KYOKUSHIN. VM i kyokushin avgörs mellan 14-15 oktober i den japanska huvudstaden Tokyo. Sverige representeras av sju atleter däribland Andreas Tampe som tävlar i kata. –  Mitt mål är pallen, topp tre-fyra. Förhoppningsvis blir kata också ett spännande och spektakulärt inslag på årets mästerskap då det är första gången i VM-historien som kata är med som disciplin. Det är en ära att vara uttagen som en av sju européer och representera både Sverige och Europa, säger Tampe.
